{"id":268,"date":"2026-01-20T06:21:37","date_gmt":"2026-01-20T06:21:37","guid":{"rendered":"https:\/\/turbulenceyburritaburrona.com\/tienda\/?page_id=268"},"modified":"2026-01-20T08:06:03","modified_gmt":"2026-01-20T08:06:03","slug":"terminosycondiciones","status":"publish","type":"page","link":"https:\/\/turbulenceyburritaburrona.com\/tienda\/terminosycondiciones\/","title":{"rendered":"T\u00c9RMINOS Y CONDICIONES"},"content":{"rendered":"\t\t<div data-elementor-type=\"wp-page\" data-elementor-id=\"268\" class=\"elementor elementor-268\" data-elementor-post-type=\"page\">\n\t\t\t\t\t\t<section class=\"elementor-section elementor-top-section elementor-element elementor-element-4832bfc elementor-section-height-min-height elementor-hidden-mobile elementor-section-boxed elementor-section-height-default elementor-section-items-middle\" data-id=\"4832bfc\" data-element_type=\"section\" data-e-type=\"section\" data-settings=\"{&quot;background_background&quot;:&quot;classic&quot;,&quot;ekit_has_onepagescroll_dot&quot;:&quot;yes&quot;}\">\n\t\t\t\t\t\t<div class=\"elementor-container elementor-column-gap-default\">\n\t\t\t\t\t<div class=\"elementor-column elementor-col-100 elementor-top-column elementor-element elementor-element-6515fb14\" data-id=\"6515fb14\" data-element_type=\"column\" data-e-type=\"column\">\n\t\t\t<div class=\"elementor-widget-wrap elementor-element-populated\">\n\t\t\t\t\t\t<section class=\"elementor-section elementor-inner-section elementor-element elementor-element-1caa96d elementor-section-boxed elementor-section-height-default elementor-section-height-default\" data-id=\"1caa96d\" data-element_type=\"section\" data-e-type=\"section\" data-settings=\"{&quot;ekit_has_onepagescroll_dot&quot;:&quot;yes&quot;}\">\n\t\t\t\t\t\t<div class=\"elementor-container elementor-column-gap-default\">\n\t\t\t\t\t<div class=\"elementor-column elementor-col-100 elementor-inner-column elementor-element elementor-element-73f6cd6c\" data-id=\"73f6cd6c\" data-element_type=\"column\" data-e-type=\"column\">\n\t\t\t<div class=\"elementor-widget-wrap elementor-element-populated\">\n\t\t\t\t\t\t<div class=\"elementor-element elementor-element-4977a930 elementor-widget elementor-widget-spacer\" data-id=\"4977a930\" data-element_type=\"widget\" data-e-type=\"widget\" data-settings=\"{&quot;ekit_we_effect_on&quot;:&quot;none&quot;}\" data-widget_type=\"spacer.default\">\n\t\t\t\t<div class=\"elementor-widget-container\">\n\t\t\t\t\t\t\t<div class=\"elementor-spacer\">\n\t\t\t<div class=\"elementor-spacer-inner\"><\/div>\n\t\t<\/div>\n\t\t\t\t\t\t<\/div>\n\t\t\t\t<\/div>\n\t\t\t\t\t<\/div>\n\t\t<\/div>\n\t\t\t\t\t<\/div>\n\t\t<\/section>\n\t\t\t\t<section class=\"elementor-section elementor-inner-section elementor-element elementor-element-436ddb74 elementor-section-boxed elementor-section-height-default elementor-section-height-default\" data-id=\"436ddb74\" data-element_type=\"section\" data-e-type=\"section\" data-settings=\"{&quot;ekit_has_onepagescroll_dot&quot;:&quot;yes&quot;}\">\n\t\t\t\t\t\t<div class=\"elementor-container elementor-column-gap-default\">\n\t\t\t\t\t<div class=\"elementor-column elementor-col-100 elementor-inner-column elementor-element elementor-element-ee2ded9\" data-id=\"ee2ded9\" data-element_type=\"column\" data-e-type=\"column\">\n\t\t\t<div class=\"elementor-widget-wrap elementor-element-populated\">\n\t\t\t\t\t\t<div class=\"elementor-element elementor-element-71fd3c66 elementor-invisible elementor-widget elementor-widget-image\" data-id=\"71fd3c66\" data-element_type=\"widget\" data-e-type=\"widget\" data-settings=\"{&quot;_animation&quot;:&quot;fadeInDown&quot;,&quot;_animation_delay&quot;:0,&quot;ekit_we_effect_on&quot;:&quot;none&quot;}\" data-widget_type=\"image.default\">\n\t\t\t\t<div class=\"elementor-widget-container\">\n\t\t\t\t\t\t\t\t\t\t\t\t\t\t\t<img fetchpriority=\"high\" decoding=\"async\" width=\"500\" height=\"277\" src=\"https:\/\/turbulenceyburritaburrona.com\/tienda\/wp-content\/uploads\/2026\/01\/logo-new.png\" class=\"attachment-full size-full wp-image-184\" alt=\"\" srcset=\"https:\/\/turbulenceyburritaburrona.com\/tienda\/wp-content\/uploads\/2026\/01\/logo-new.png 500w, https:\/\/turbulenceyburritaburrona.com\/tienda\/wp-content\/uploads\/2026\/01\/logo-new-300x166.png 300w\" sizes=\"(max-width: 500px) 100vw, 500px\" \/>\t\t\t\t\t\t\t\t\t\t\t\t\t\t\t<\/div>\n\t\t\t\t<\/div>\n\t\t\t\t\t<\/div>\n\t\t<\/div>\n\t\t\t\t\t<\/div>\n\t\t<\/section>\n\t\t\t\t<section class=\"elementor-section elementor-inner-section elementor-element elementor-element-a4a0274 elementor-section-boxed elementor-section-height-default elementor-section-height-default\" data-id=\"a4a0274\" data-element_type=\"section\" data-e-type=\"section\" data-settings=\"{&quot;background_background&quot;:&quot;classic&quot;,&quot;ekit_has_onepagescroll_dot&quot;:&quot;yes&quot;}\">\n\t\t\t\t\t\t<div class=\"elementor-container elementor-column-gap-default\">\n\t\t\t\t\t<div class=\"elementor-column elementor-col-100 elementor-inner-column elementor-element elementor-element-2d4cb73c\" data-id=\"2d4cb73c\" data-element_type=\"column\" data-e-type=\"column\">\n\t\t\t<div class=\"elementor-widget-wrap elementor-element-populated\">\n\t\t\t\t\t\t<div class=\"elementor-element elementor-element-eac3165 elementor-widget elementor-widget-spacer\" data-id=\"eac3165\" data-element_type=\"widget\" data-e-type=\"widget\" data-settings=\"{&quot;ekit_we_effect_on&quot;:&quot;none&quot;}\" data-widget_type=\"spacer.default\">\n\t\t\t\t<div class=\"elementor-widget-container\">\n\t\t\t\t\t\t\t<div class=\"elementor-spacer\">\n\t\t\t<div class=\"elementor-spacer-inner\"><\/div>\n\t\t<\/div>\n\t\t\t\t\t\t<\/div>\n\t\t\t\t<\/div>\n\t\t\t\t<div class=\"elementor-element elementor-element-bb31159 elementor-widget elementor-widget-heading\" data-id=\"bb31159\" data-element_type=\"widget\" data-e-type=\"widget\" data-settings=\"{&quot;ekit_we_effect_on&quot;:&quot;none&quot;}\" data-widget_type=\"heading.default\">\n\t\t\t\t<div class=\"elementor-widget-container\">\n\t\t\t\t\t<h3 class=\"elementor-heading-title elementor-size-default\">T\u00e9rminos y Condiciones<\/h3>\t\t\t\t<\/div>\n\t\t\t\t<\/div>\n\t\t\t\t<div class=\"elementor-element elementor-element-7aed63a elementor-widget elementor-widget-text-editor\" data-id=\"7aed63a\" data-element_type=\"widget\" data-e-type=\"widget\" data-settings=\"{&quot;ekit_we_effect_on&quot;:&quot;none&quot;}\" data-widget_type=\"text-editor.default\">\n\t\t\t\t<div class=\"elementor-widget-container\">\n\t\t\t\t\t\t\t\t\t<p><strong>\u00daltima actualizaci\u00f3n:<\/strong>\u00a0 <em>20 de Enero 2025<\/em><\/p><p>Bienvenido(a) a la tienda oficial de Turbulence y Burrita Burrona &#8211; Tienda Oficial (en adelante, el &#8220;Sitio&#8221;). Al acceder, navegar o utilizar este Sitio, usted acepta quedar sujeto a los presentes T\u00e9rminos y Condiciones. Si no est\u00e1 de acuerdo con alguno de ellos, por favor abst\u00e9ngase de utilizar el Sitio.<\/p><p><span style=\"font-size: 14pt;\"><strong>1. IDENTIDAD DEL RESPONSABLE<\/strong><\/span><\/p><p><strong>Titular \/ Empresa:<\/strong> <em>Turbulence &amp; Burrita Burrona Store<\/em><\/p><h2>\u00a0<\/h2><h2><span style=\"font-size: 14pt;\"><strong>2. OBJETO<\/strong><\/span><\/h2><p>El Sitio tiene como finalidad ofrecer informaci\u00f3n, productos y\/o servicios relacionados con <b>Productos comerciales de Turbulence &amp; Burrita Burrona\u00a0<\/b><\/p><h2>\u00a0<\/h2><h2><span style=\"font-size: 14pt;\"><strong>3. USO DEL SITIO<\/strong><\/span><\/h2><p>El usuario se compromete a utilizar el Sitio de forma l\u00edcita, \u00e9tica y conforme a estos T\u00e9rminos y a la legislaci\u00f3n aplicable en los Estados Unidos Mexicanos. Queda prohibido:<\/p><ul data-spread=\"false\"><li><p>Utilizar el Sitio con fines ilegales o no autorizados.<\/p><\/li><li><p>Introducir virus, malware o cualquier c\u00f3digo malicioso.<\/p><\/li><li><p>Intentar acceder sin autorizaci\u00f3n a sistemas, cuentas o bases de datos.<\/p><\/li><\/ul><h2>\u00a0<\/h2><h2><span style=\"font-size: 14pt;\"><strong>4. PRODUCTOS Y SERVICIOS (SI APLICA)<\/strong><\/span><\/h2><p>Los productos o servicios ofrecidos en el Sitio est\u00e1n sujetos a disponibilidad. Nos reservamos el derecho de:<\/p><ul data-spread=\"false\"><li><p>Modificar precios, descripciones o caracter\u00edsticas sin previo aviso.<\/p><\/li><li><p>Cancelar o reembolsar pedidos en caso de error evidente, falta de disponibilidad o incumplimiento de estos T\u00e9rminos.\u00a0<\/p><\/li><\/ul><h2>\u00a0<\/h2><h2><strong><span style=\"font-size: 14pt;\">5. PROPIEDAD INTELECTUAL<\/span><\/strong><\/h2><p>Todos los contenidos del Sitio (textos, im\u00e1genes, logotipos, dise\u00f1os, software, etc.) son propiedad de <strong>Erick Alejandro Mart\u00ednez Mart\u00ednez<\/strong> o cuentan con las licencias correspondientes y est\u00e1n protegidos por las leyes de propiedad intelectual.<\/p><p><strong><em>Queda prohibida su reproducci\u00f3n total o parcial sin autorizaci\u00f3n expresa y por escrito.<\/em><\/strong><\/p><h2>\u00a0<\/h2><h2><strong><span style=\"font-size: 14pt;\">6. LIMITACI\u00d3N DE RESPONSABILIDAD<\/span><\/strong><\/h2><p>El Sitio se proporciona &#8220;tal cual&#8221; y &#8220;seg\u00fan disponibilidad&#8221;. <em><strong>Turbulence y Burrita Burrona &#8211; Tienda oficial<\/strong><\/em> no garantiza que el Sitio est\u00e9 libre de errores o interrupciones.<\/p><p>En ning\u00fan caso seremos responsables por da\u00f1os directos o indirectos derivados del uso o imposibilidad de uso del Sitio.<\/p><h2>\u00a0<\/h2><h2><strong><span style=\"font-size: 14pt;\">7. ENLACES A TERCEROS<\/span><\/strong><\/h2><p>El Sitio puede contener enlaces a sitios web de terceros. No tenemos control sobre dichos sitios y no asumimos responsabilidad alguna por su contenido o pol\u00edticas.<\/p><h2>\u00a0<\/h2><h2><strong><span style=\"font-size: 14pt;\">8. PROTECCI\u00d3N DE DATOS PERSONALES<\/span><\/strong><\/h2><p>El tratamiento de los datos personales se rige por nuestro <strong>Aviso de Privacidad<\/strong>, elaborado conforme a la Ley Federal de Protecci\u00f3n de Datos Personales en Posesi\u00f3n de los Particulares.<\/p><h2>\u00a0<\/h2><h2><strong><span style=\"font-size: 14pt;\">9. MODIFICACIONES<\/span><\/strong><\/h2><p>Nos reservamos el derecho de modificar estos <strong>T\u00e9rminos y Condiciones<\/strong> en cualquier momento. Las modificaciones entrar\u00e1n en vigor desde su publicaci\u00f3n en el Sitio.<\/p><h2>\u00a0<\/h2><h2><strong><span style=\"font-size: 14pt;\">10. LEGISLACI\u00d3N APLICABLE Y JURISDICCI\u00d3N<\/span><\/strong><\/h2><p>Estos T\u00e9rminos se rigen por las leyes de los Estados Unidos Mexicanos. Para cualquier controversia, las partes se someten a los tribunales competentes de <strong>La Rep\u00fablica Mexicana<\/strong>, renunciando a cualquier otro fuero que pudiera corresponderles.<\/p><h2><strong><span style=\"font-size: 14pt;\">11. CONTACTO<\/span><\/strong><\/h2><p>Para cualquier duda relacionada con estos T\u00e9rminos y Condiciones, puede contactarnos en:<\/p><p><strong>Correo electr\u00f3nico:<\/strong>\u00a0<\/p><p><em>* Al utilizar este Sitio, usted reconoce haber le\u00eddo, entendido y aceptado los presentes <strong>T\u00e9rminos y Condiciones<\/strong>.<\/em><\/p>\t\t\t\t\t\t\t\t<\/div>\n\t\t\t\t<\/div>\n\t\t\t\t<div class=\"elementor-element elementor-element-f86204b elementor-widget elementor-widget-heading\" data-id=\"f86204b\" data-element_type=\"widget\" data-e-type=\"widget\" data-settings=\"{&quot;ekit_we_effect_on&quot;:&quot;none&quot;}\" data-widget_type=\"heading.default\">\n\t\t\t\t<div class=\"elementor-widget-container\">\n\t\t\t\t\t<h3 class=\"elementor-heading-title elementor-size-default\">POL\u00cdTICA DE ENV\u00cdOS Y PAGOS<\/h3>\t\t\t\t<\/div>\n\t\t\t\t<\/div>\n\t\t\t\t<div class=\"elementor-element elementor-element-3aeed34 elementor-widget elementor-widget-text-editor\" data-id=\"3aeed34\" data-element_type=\"widget\" data-e-type=\"widget\" data-settings=\"{&quot;ekit_we_effect_on&quot;:&quot;none&quot;}\" data-widget_type=\"text-editor.default\">\n\t\t\t\t<div class=\"elementor-widget-container\">\n\t\t\t\t\t\t\t\t\t<p><strong>\u00daltima actualizaci\u00f3n:<\/strong>\u00a0 <em>20 de Enero 2025<\/em><\/p><p>La presente <strong>Pol\u00edtica de Env\u00edos y Pagos<\/strong> tiene como objetivo brindar claridad, seguridad y transparencia a nuestros clientes al realizar compras en <strong>Turbulence &amp; Burrita Burrona Tienda Oficial<\/strong>.<\/p><p>Al efectuar una compra, el cliente acepta las condiciones aqu\u00ed descritas.<\/p><h2>\u00a0<\/h2><h2><strong><span style=\"font-size: 14pt;\">1. COBERTURA DE ENV\u00cdOS<\/span><\/strong><\/h2><p>Realizamos env\u00edos dentro de la <strong>Rep\u00fablica Mexicana<\/strong> a trav\u00e9s de paqueter\u00edas externas debidamente establecidas.<\/p><p>Las zonas de cobertura pueden variar seg\u00fan la paqueter\u00eda seleccionada y condiciones log\u00edsticas.<\/p><p>* En caso de cobertura extendida se notificar\u00e1 al usuario para realizar el pago correspondiente del extra, ya sea por transferencia electr\u00f3nica (De preferencia)\u00a0<\/p><h2>\u00a0<\/h2><h2><strong><span style=\"font-size: 14pt;\">2. TIEMPOS DE PROCESAMIENTO<\/span><\/strong><\/h2><ul data-spread=\"false\"><li><p>El tiempo de <strong>procesamiento<\/strong> de pedidos es de <strong>[X a X d\u00edas h\u00e1biles]<\/strong> posteriores a la confirmaci\u00f3n del pago.<\/p><\/li><li><p>En productos personalizados o bajo pedido, el tiempo de producci\u00f3n ser\u00e1 informado previamente al cliente.<\/p><\/li><\/ul><p>Los tiempos de env\u00edo comienzan a contar una vez que el pedido ha sido entregado a la paqueter\u00eda.<\/p><h2>\u00a0<\/h2><h2><strong><span style=\"font-size: 14pt;\">3. TIEMPOS DE ENTREGA<\/span><\/strong><\/h2><p>Los tiempos de entrega estimados dependen de la paqueter\u00eda y destino, y pueden variar entre:<\/p><ul data-spread=\"false\"><li><p><strong>[X a X d\u00edas h\u00e1biles]<\/strong> para env\u00edos est\u00e1ndar.<\/p><\/li><\/ul><p><strong>Turbulence &amp; Burrita Burrona Tienda Oficial<\/strong> no se responsabiliza por retrasos atribuibles a la paqueter\u00eda, causas de fuerza mayor, condiciones clim\u00e1ticas, bloqueos, temporadas altas o datos incorrectos proporcionados por el cliente.<\/p><h2>\u00a0<\/h2><h2><strong><span style=\"font-size: 14pt;\">4. COSTOS DE ENV\u00cdO<\/span><\/strong><\/h2><ul data-spread=\"false\"><li><p>El costo de env\u00edo se calcula al momento de la compra y depende del destino, peso y volumen del paquete.<\/p><\/li><\/ul><h2>\u00a0<\/h2><h2><strong><span style=\"font-size: 14pt;\">5. INFORMACI\u00d3N DE ENTREGA<\/span><\/strong><\/h2><p>Es responsabilidad del cliente proporcionar datos completos y correctos:<\/p><ul data-spread=\"false\"><li><p>Nombre del destinatario<\/p><\/li><li><p>Direcci\u00f3n completa<\/p><\/li><li><p>C\u00f3digo postal<\/p><\/li><li><p>Tel\u00e9fono de contacto<\/p><\/li><\/ul><p>En caso de errores en la informaci\u00f3n, los costos adicionales por reenv\u00edo correr\u00e1n por cuenta del cliente.<\/p><p>\u00a0<\/p><h2><strong><span style=\"font-size: 14pt;\">6. RIESGO Y RECEPCI\u00d3N DEL PEDIDO<\/span><\/strong><\/h2><ul data-spread=\"false\"><li><p>El riesgo del producto se transfiere al cliente una vez que el pedido es entregado a la paqueter\u00eda.<\/p><\/li><li><p>Se recomienda revisar el paquete al momento de la entrega.<\/p><\/li><\/ul><p>Si el paquete presenta da\u00f1os visibles, el cliente deber\u00e1 reportarlo de inmediato a la paqueter\u00eda y notificarlo a <strong>Turbulence &amp; Burrita Burrona Tienda Oficial <\/strong>dentro de las <strong>24 horas<\/strong> siguientes.<\/p><h2>\u00a0<\/h2><h2><strong><span style=\"font-size: 14pt;\">7. M\u00c9TODOS DE PAGO ACEPTADOS<\/span><\/strong><\/h2><p>Aceptamos los siguientes m\u00e9todos de pago:<\/p><ul data-spread=\"false\"><li><p>Pagos mediante plataformas electr\u00f3nicas seguras (ej. Mercado Pago, PayPal, Stripe, etc.)<\/p><\/li><\/ul><p>Todos los pagos se procesan a trav\u00e9s de plataformas certificadas que cumplen con est\u00e1ndares de seguridad.<\/p><h2>\u00a0<\/h2><h2><strong><span style=\"font-size: 14pt;\">8. SEGURIDAD EN LOS PAGOS<\/span><\/strong><\/h2><ul data-spread=\"false\"><li><p>No almacenamos informaci\u00f3n bancaria ni datos sensibles de tarjetas.<\/p><\/li><li><p>Las transacciones est\u00e1n protegidas mediante protocolos de seguridad y cifrado.<\/p><\/li><\/ul><p><strong>Turbulence &amp; Burrita Burrona Tienda Oficial<\/strong> no tendr\u00e1 acceso directo a los datos financieros del cliente.<\/p><h2>\u00a0<\/h2><h2><strong><span style=\"font-size: 14pt;\">9. CONFIRMACI\u00d3N DE PAGO<\/span><\/strong><\/h2><ul data-spread=\"false\"><li><p>Los pagos electr\u00f3nicos se confirman de forma autom\u00e1tica.\u00a0<\/p><\/li><\/ul><p>Nos reservamos el derecho de cancelar pedidos con pagos no verificados o sospechosos.<\/p><h2>\u00a0<\/h2><h2><strong><span style=\"font-size: 14pt;\">10. CANCELACIONES Y REEMBOLSOS<\/span><\/strong><\/h2><ul data-spread=\"false\"><li><p>Las cancelaciones solo ser\u00e1n posibles antes de que el pedido sea enviado.<\/p><\/li><li><p>En productos personalizados, <strong>no se aceptan cancelaciones ni reembolsos<\/strong> una vez iniciada la producci\u00f3n.<\/p><\/li><\/ul><p>Los reembolsos aprobados se realizar\u00e1n por el mismo m\u00e9todo de pago utilizado y pueden tardar <strong>[X a X d\u00edas h\u00e1biles]<\/strong> en reflejarse.<\/p><h2>\u00a0<\/h2><h2><strong><span style=\"font-size: 14pt;\">11. FRAUDE Y MAL USO<\/span><\/strong><\/h2><p>Cualquier intento de fraude, contracargos injustificados o uso indebido del sistema de pago podr\u00e1 resultar en la cancelaci\u00f3n inmediata del pedido y acciones legales correspondientes.<\/p><h2>\u00a0<\/h2><h2><strong><span style=\"font-size: 14pt;\">12. CONTACTO<\/span><\/strong><\/h2><p>Para dudas relacionadas con env\u00edos o pagos, cont\u00e1ctanos en:<\/p><p><strong>Correo electr\u00f3nico:<\/strong> [<a>correo@ejemplo.com<\/a>] <strong>Horario de atenci\u00f3n:<\/strong> [d\u00edas y horarios]<\/p><p>Esta pol\u00edtica busca proteger tanto al cliente como a <strong>Turbulence &amp; Burrita Burrona Tienda Oficial<\/strong>, garantizando una experiencia de compra clara, segura y confiable.<\/p>\t\t\t\t\t\t\t\t<\/div>\n\t\t\t\t<\/div>\n\t\t\t\t<div class=\"elementor-element elementor-element-867605d elementor-widget elementor-widget-spacer\" data-id=\"867605d\" data-element_type=\"widget\" data-e-type=\"widget\" data-settings=\"{&quot;ekit_we_effect_on&quot;:&quot;none&quot;}\" data-widget_type=\"spacer.default\">\n\t\t\t\t<div class=\"elementor-widget-container\">\n\t\t\t\t\t\t\t<div class=\"elementor-spacer\">\n\t\t\t<div class=\"elementor-spacer-inner\"><\/div>\n\t\t<\/div>\n\t\t\t\t\t\t<\/div>\n\t\t\t\t<\/div>\n\t\t\t\t\t<\/div>\n\t\t<\/div>\n\t\t\t\t\t<\/div>\n\t\t<\/section>\n\t\t\t\t\t<\/div>\n\t\t<\/div>\n\t\t\t\t\t<\/div>\n\t\t<\/section>\n\t\t\t\t<\/div>\n\t\t","protected":false},"excerpt":{"rendered":"<p>T\u00e9rminos y Condiciones \u00daltima actualizaci\u00f3n:\u00a0 20 de Enero 2025 Bienvenido(a) a la tienda oficial de Turbulence y Burrita Burrona &#8211; Tienda Oficial (en adelante, el &#8220;Sitio&#8221;). Al acceder, navegar o utilizar este Sitio, usted acepta quedar sujeto a los presentes T\u00e9rminos y Condiciones. Si no est\u00e1 de acuerdo con alguno de ellos, por favor abst\u00e9ngase [&hellip;]<\/p>\n","protected":false},"author":1,"featured_media":0,"parent":0,"menu_order":0,"comment_status":"closed","ping_status":"closed","template":"elementor_header_footer","meta":{"footnotes":""},"class_list":["post-268","page","type-page","status-publish","hentry"],"_links":{"self":[{"href":"https:\/\/turbulenceyburritaburrona.com\/tienda\/wp-json\/wp\/v2\/pages\/268","targetHints":{"allow":["GET"]}}],"collection":[{"href":"https:\/\/turbulenceyburritaburrona.com\/tienda\/wp-json\/wp\/v2\/pages"}],"about":[{"href":"https:\/\/turbulenceyburritaburrona.com\/tienda\/wp-json\/wp\/v2\/types\/page"}],"author":[{"embeddable":true,"href":"https:\/\/turbulenceyburritaburrona.com\/tienda\/wp-json\/wp\/v2\/users\/1"}],"replies":[{"embeddable":true,"href":"https:\/\/turbulenceyburritaburrona.com\/tienda\/wp-json\/wp\/v2\/comments?post=268"}],"version-history":[{"count":21,"href":"https:\/\/turbulenceyburritaburrona.com\/tienda\/wp-json\/wp\/v2\/pages\/268\/revisions"}],"predecessor-version":[{"id":421,"href":"https:\/\/turbulenceyburritaburrona.com\/tienda\/wp-json\/wp\/v2\/pages\/268\/revisions\/421"}],"wp:attachment":[{"href":"https:\/\/turbulenceyburritaburrona.com\/tienda\/wp-json\/wp\/v2\/media?parent=268"}],"curies":[{"name":"wp","href":"https:\/\/api.w.org\/{rel}","templated":true}]}}